e the prime factors of 260157938?
2, 283, 419, 1097
What are the prime factors of 1635894025?
5, 31, 53, 39827
List the prime factors of 32439499.
23, 1410413
List the prime factors of 35047685.
5, 19, 19417
List the prime factors of 4798658250.
2, 3, 5, 673, 3169
List the prime factors of 8056146916.
2, 53, 38000693
List the prime factors of 1466054755.
5, 11, 17, 142543
List the prime factors of 21386096.
2, 19, 103, 683
What are the prime factors of 227071547?
227071547
What are the prime factors of 144002200?
2, 5, 71, 10141
List the prime factors of 259653152.
2, 11, 277, 2663
What are the prime factors of 1040307188?
2, 179, 8117
List the prime factors of 692232121.
7, 47, 89, 503
What are the prime factors of 112906251?
3, 29, 41, 3517
What are the prime factors of 2206829138?
2, 19, 58074451
List the prime factors of 441938157.
3, 19, 7753301
What are the prime factors of 107306627?
347, 309241
What are the prime factors of 2139734273?
83, 25779931
List the prime factors of 175727332.
2, 11, 67, 5419
List the prime factors of 15475727.
31, 67, 7451
List the prime factors of 72607610.
2, 5, 541, 13421
What are the prime factors of 62651934?
2, 3, 1160221
List the prime factors of 1331052847.
19, 3687127
List the prime factors of 71740087.
61, 823, 1429
What are the prime factors of 266423134?
2, 133211567
List the prime factors of 3831571.
3831571
List the prime factors of 166347694.
2, 139, 163, 3671
What are the prime factors of 1092520916?
2, 273130229
What are the prime factors of 8068083228?
2, 3, 224113423
List the prime factors of 453511791.
3, 907, 6173
List the prime factors of 2467363884.
2, 3, 17, 71, 170351
What are the prime factors of 32290277?
173, 186649
What are the prime factors of 139668506?
2, 19, 163, 22549
List the prime factors of 393130250.
2, 5, 1572521
List the prime factors of 1513336139.
7, 359, 86029
List the prime factors of 1662301813.
59, 173, 162859
What are the prime factors of 195999870?
2, 3, 5, 11, 47, 12637
List the prime factors of 746265030.
2, 3, 5, 7, 137, 25939
List the prime factors of 79176837.
3, 17, 109, 14243
What are the prime factors of 23631337?
23631337
What are the prime factors of 95442849?
3, 229, 46309
What are the prime factors of 1410891831?
3, 569, 91837
What are the prime factors of 81544206?
2, 3, 17, 799453
What are the prime factors of 10775244?
2, 3, 71, 12647
List the prime factors of 47191198.
2, 23595599
What are the prime factors of 213160290?
2, 3, 5, 7, 145007
What are the prime factors of 9731490?
2, 3, 5, 227, 1429
What are the prime factors of 3630707432?
2, 11, 29, 1422691
What are the prime factors of 122636549?
7, 281, 62347
List the prime factors of 121541274.
2, 3, 6752293
What are the prime factors of 50591104?
2, 395243
What are the prime factors of 42575525?
5, 1303, 1307
What are the prime factors of 310860322?
2, 155430161
List the prime factors of 1860179736.
2, 3, 37, 2094797
List the prime factors of 2767285745.
5, 7, 7901, 10007
What are the prime factors of 541171057?
7, 823, 93937
What are the prime factors of 261447180?
2, 3, 5, 29, 31, 37, 131
What are the prime factors of 5792501438?
2, 2896250719
List the prime factors of 47295221.
47295221
What are the prime factors of 46758302?
2, 23379151
What are the prime factors of 3308237253?
3, 10771, 34127
List the prime factors of 74390122.
2, 37195061
List the prime factors of 50700164.
2, 2339, 5419
What are the prime factors of 1097416956?
2, 3, 29, 3153497
What are the prime factors of 10911022?
2, 5455511
List the prime factors of 59333334.
2, 3, 9888889
What are the prime factors of 42075053?
42075053
What are the prime factors of 3041531004?
2, 3, 61, 193, 21529
What are the prime factors of 110703006?
2, 3, 19, 89, 3637
List the prime factors of 7824135930.
2, 3, 5, 13, 17, 1180111
What are the prime factors of 34686247?
61, 568627
List the prime factors of 37631355.
3, 5, 263, 9539
List the prime factors of 39915715.
5, 7, 1140449
What are the prime factors of 151746344?
2, 113, 167861
List the prime factors of 714706379.
97, 7368107
List the prime factors of 590517000.
2, 3, 5, 21871
What are the prime factors of 2386274463?
3, 1013, 261739
What are the prime factors of 741941?
741941
What are the prime factors of 700388350?
2, 5, 14007767
What are the prime factors of 1216942275?
3, 5, 53, 306149
What are the prime factors of 64537038?
2, 3, 3585391
List the prime factors of 3932053566.
2, 3, 7, 29, 37, 87251
What are the prime factors of 233922844?
2, 58480711
What are the prime factors of 68518945?
5, 11, 1245799
What are the prime factors of 646441?
53, 12197
List the prime factors of 258852354.
2, 3, 151, 285709
What are the prime factors of 324558460?
2, 5, 41, 395803
List the prime factors of 20104526.
2, 13, 773251
What are the prime factors of 1780996009?
13, 2399, 57107
What are the prime factors of 1166293374?
2, 3, 283, 686863
List the prime factors of 15801116.
2, 1231, 3209
List the prime factors of 5096873058.
2, 3, 1301, 652943
List the prime factors of 9813751.
1697, 5783
What are the prime factors of 80554042?
2, 40277021
What are the prime factors of 1365432496?
2, 85339531
List the prime factors of 2645142914.
2, 17, 71, 1095751
List the prime factors of 552312165.
3, 5, 5573, 6607
List the prime factors of 276211284.
2, 3, 19, 127, 9539
What are the prime factors of 41306053?
193, 214021
List the prime factors of 922597.
13, 70969
What are the prime factors of 69473518?
2, 1931, 17989
What are the prime factors of 230512820?
2, 5, 11525641
List the prime factors of 145518668.
2, 36379667
List the prime factors of 3620518322.
2, 17, 349, 463, 659
List the prime factors of 41659113.
3, 53, 262007
List the prime factors of 2742052260.
2, 3, 5, 19, 97, 137, 181
List the prime factors of 10693247.
10693247
What are the prime factors of 200207650?
2, 5, 59, 67867
What are the prime factors of 2656046280?
2, 3, 5, 22133719
What are the prime factors of 163283450?
2, 5, 11, 137, 197
List the prime factors of 1701517521.
3, 11, 51561137
List the prime factors of 40518093.
3, 7, 11, 175403
What are the prime factors of 2601617?
2601617
What are the prime factors of 42382587?
3, 13, 239, 4547
What are the prime factors of 7626972?
2, 3, 47, 13523
What are the prime factors of 19381205?
5, 59, 65699
What are the prime factors of 588729?
3, 29, 67, 101
List the prime factors of 915494711.
915494711
List the prime factors of 42491278.
2, 233, 91183
What are the prime factors of 141987027?
3, 7, 13, 23, 22613
What are the prime factors of 97279843?
9067, 10729
List the prime factors of 843733340.
2, 5, 42186667
What are the prime factors of 408229223?
19181, 21283
List the prime factors of 63993371.
13, 277, 1367
List the prime factors of 26912678.
2, 13, 149, 6947
List the prime factors of 46038219.
3, 103, 148991
What are the prime factors of 5578575969?
3, 1859525323
List the prime factors of 1292635075.
5, 19, 23, 179, 661
What are the prime factors of 102878716?
2, 71, 151, 2399
What are the prime factors of 7228263?
3, 7, 79, 4357
What are the prime factors of 16761242?
2, 8380621
List the prime factors of 562449508.
2, 140612377
What are the prime factors of 21476641?
23, 277, 3371
List the prime factors of 3001312020.
2, 3, 5, 7, 7145981
List the prime factors of 21631879.
21631879
List the prime factors of 678203110.
2, 5, 13, 5216947
What are the prime factors of 2021590442?
2, 1010795221
What are the prime factors of 38393776?
2, 2399611
What are the prime factors of 525608606?
2, 37, 7102819
List the prime factors of 609921888.
2, 3, 19, 334387
What are the prime factors of 4932544?
2, 37, 2083
List the prime factors of 258738543.
3, 7, 456329
What are the prime factors of 37263289?
7, 23, 29, 347
List the prime factors of 93384111.
3, 17, 149, 12289
What are the prime factors of 25219763?
29, 601, 1447
List the prime factors of 677899195.
5, 19, 7135781
List the prime factors of 32739659.
1499, 21841
List the prime factors of 3514552383.
3, 1171517461
What are the prime factors of 441511102?
2, 1439, 153409
What are the prime factors of 326070718?
2, 163035359
List the prime factors of 106950335.
5, 19, 1125793
List the prime factors of 443694565.
5, 37, 2398349
What a